q.
10
Let f be (6/2)/(45/795). Suppose -j + 96 = 2*j. Let i = f - j. Calculate the greatest common divisor of i and 7.
7
Let x be ((-2)/(-1) + -12)/(-1). What is the highest common factor of 50 and x?
10
Let h = -11 - -15. What is the highest common divisor of 16 and h?
4
Suppose 4*i - 4*z + 116 = 0, 5*z = -5*i - 52 - 63. Let q = i - -53. Calculate the greatest common divisor of q and 9.
9
Let d(s) = s**2 + 2*s - 4. Let q be d(-8). Calculate the greatest common divisor of 4 and q.
4
Let r = 64 + -24. What is the highest common factor of 16 and r?
8
Let b be (-4)/6 - 273/9. Let v = b - -87. What is the greatest common factor of 7 and v?
7
Suppose 0 = -8*m + 198 + 42. Let z(k) = k - 4. Let g be z(5). Let c = 9 + g. What is the greatest common factor of m and c?
10
Suppose -4*j + 13 = -3. Suppose -5*y + 10 = 0, -2*y - y - j = -5*c. Suppose 4*k - 2*k = 6. Calculate the greatest common factor of k and c.
1
Suppose 5*t = -5*p - 19 + 49, 0 = -2*t + 5*p + 40. Calculate the highest common divisor of 2 and t.
2
Let f(g) = -g**3 + 8*g**2 - 9*g + 8. Let s be f(6). What is the highest common divisor of 65 and s?
13
Let h = 2 + 0. Suppose -3 = -p + h. What is the greatest common divisor of 55 and p?
5
Let w be 1 - 1 - -1*1. Let g be ((-6)/(-6))/(w/2). Suppose -x = -4*d - 65 + 674, -d + 159 = g*x. Calculate the greatest common divisor of d and 17.
17
Let j = -16 - -21. Calculate the greatest common divisor of 5 and j.
5
Let j be 8/(2/48 + 0). Let g = j + -102. Calculate the greatest common divisor of 10 and g.
10
Let x(v) = 6*v**3 + v**2. Let y be x(-1). Let a be (2/6)/(y/(-15)). Suppose -i = -15 + a. What is the greatest common factor of 56 and i?
14
Suppose 4*b + 0*y - 608 = -4*y, 3*y = b - 152. What is the highest common divisor of 8 and b?
8
Let x(t) = -t**2 - 4*t - 2. Let s be x(-3). Suppose 3*b = 3*k - 0*k + 24, k = -s. Suppose 11 = 3*v - b. What is the highest common divisor of 6 and v?
6
Let u(t) = 21*t. Let h = 3 - 2. Let a be u(h). Let b = 24 - -207. What is the greatest common divisor of b and a?
21
Let x(f) = -f**2 + 0*f**2 - f - 2 + 6*f + 0*f. Suppose 2*o - 2 = 2*l, -o + 5 = -2*o + 4*l. Let p be x(o). What is the highest common factor of p and 32?
4
Let l = 16 - 5. Let z = 10 + l. Calculate the greatest common divisor of 189 and z.
21
Suppose 0 = z + z - 36. Let b be 320/18 - (-12)/54. What is the highest common factor of z and b?
18
Suppose 0*z = 3*z, 5*o + 2*z - 325 = 0. Suppose 5*i = 2*c - 12, 5*c - 2*i = i + 30. Suppose -2*l = -c - 20. Calculate the greatest common factor of l and o.
13
Let n be (-2)/(3 - 3 - (-2)/(-26)). Calculate the highest common divisor of n and 182.
26
Let n = 11 + -11. Suppose r - 11 = 3*w, n = 2*w - 5*w - 3. What is the highest common divisor of r and 8?
8
Suppose -3*c + 1 = -8. Suppose -s - 5*h - 144 = -4*s, s = c*h + 44. Suppose -3*p + 15 = f, 0*f + 3*f - s = -p. Calculate the greatest common factor of f and 2.
2
Suppose 4*d - 778 + 362 = 0. What is the greatest common factor of d and 13?
13
Suppose 17 + 13 = 5*r. Let u(j) = j**3 - 6*j**2 + 4*j - 2. Let z be u(r). Calculate the greatest common divisor of 33 and z.
11
Let z = -15 + 8. Let q(p) be the third derivative of -p**4/12 - p**3 + 2*p**2. Let u be q(z). Calculate the highest common divisor of 64 and u.
8
Let r(n) = 6*n - 19. Let k be r(27). Suppose 65 = -z + 6*z. Calculate the highest common divisor of z and k.
13
Suppose 3*g = g. Suppose 0 = v - 1 - g, 3*v - 111 = -3*r. Calculate the highest common factor of 90 and r.
18
Suppose 32 = k + 4*l, 2*k + 3*k - 45 = 3*l. Let z(p) = -p**3 - 2*p**2 - p. Let u be z(-3). Calculate the highest common factor of k and u.
12
Suppose f - 2*d = -2*f + 25, -3*f = -5*d - 40. Suppose 6*u + 27 = 4*v + 3*u, 0 = f*u + 5. Let z = v - -12. What is the greatest common factor of 90 and z?
18
Suppose 15*c + 78 = 21*c. Calculate the highest common divisor of 65 and c.
13
Let g(c) = -c**3 - 12*c**2 - 19*c - 38. Let z be g(-11). Suppose 5*w - 64 = 36. Calculate the greatest common factor of w and z.
10
Suppose 4*x + 2 - 6 = 0. What is the highest common divisor of 8 and x?
1
Let r = 26 + -11. Let t = 293 - 158. What is the highest common divisor of t and r?
15
Let l = -31 + 44. Suppose -5 = 4*o - l. Let s be (1/(-2))/(1/(-6)). What is the highest common divisor of s and o?
1
Suppose -3*v - 10 = -28. Calculate the highest common divisor of 9 and v.
3
Let t(j) = 2*j**2 - 2*j + 1. Let g be t(-3). Calculate the greatest common divisor of g and 275.
25
Let n = -1 + 46. Suppose n = 5*r - 4*r - 3*k, 2*k + 100 = 3*r. Calculate the greatest common divisor of r and 10.
10
Suppose 2*v - 137 = w, 0 = 6*v - 4*v - 4*w - 128. Suppose 5*d + 15 = v. Calculate the highest common factor of 88 and d.
11
Suppose k - 50 = -4*d - 0*d, 4*d = 4*k - 220. Calculate the greatest common factor of 6 and k.
6
Let k be (4/28*-5)/(2/(-14)). Calculate the greatest common divisor of k and 40.
5
Let f be ((-27)/(-3) - -3)/(4/32). What is the greatest common factor of 12 and f?
12
Suppose -5*b + 8*b = -y + 15, 3*b - 63 = -5*y. Calculate the highest common divisor of 72 and y.
12
Let d be 158/22 - 18/99. What is the highest common divisor of 3 and d?
1
Suppose -4*i = -5*b - 62, 4*b + 6 = 4*i - 58. Let c = 5 + -4. Let a be c/(-2)*1*-24. What is the highest common divisor of a and i?
6
Let u(g) = 2*g**2 - 3*g + 3. Let a be u(2). Let j be 136/a - 4/20. Suppose -2*m + 49 = 13. Calculate the highest common divisor of j and m.
9
Let j be 20/25*(-140)/(-8). What is the greatest common divisor of 14 and j?
14
Let n(v) = 12*v**2 + 7*v - 6. Let l be n(2). Let w = -23 + 37. What is the greatest common factor of w and l?
14
Let j = 33 + -12. Calculate the greatest common factor of 231 and j.
21
Let n be ((-6)/(-9))/(2/39). Calculate the greatest common factor of n and 13.
13
Let i(o) = 9*o + 1. Let z be i(1). What is the greatest common factor of z and 30?
10
Let i = -3 + 27. What is the greatest common divisor of i and 32?
8
Let w be (-4)/16 + (-2)/(-8). Let j be 1 + (0 - -2 - w). Suppose 80 + 28 = j*q. What is the greatest common factor of 4 and q?
4
Let d be (9/(-12) + 0)*8. Let b be 4/6*(-45)/d. Suppose -i - 220 = -b*u, -25 = 3*i - 8*i. What is the highest common divisor of 9 and u?
9
Let c = -47 - -61. Suppose -p = -4*p + 5*i + 27, -p + 7 = -i. Suppose 0*f - 2*f = -p. What is the highest common factor of c and f?
2
Suppose -1 = -2*g + 3*u + 42, 0 = 2*g + 5*u - 83. What is the greatest common divisor of 116 and g?
29
Suppose 5*m = 2*i - 57, m = 4*i - 2*m - 135. Let u(f) = -f**3 - 2*f**2 + 3*f + 4. Let x = -6 + 3. Let g be u(x). What is the greatest common divisor of g and i?
4
Let x be 1*-3*(-15)/9. Suppose 3*c - 4*g - 2 - 39 = 0, x*g - 35 = -2*c. Calculate the greatest common factor of c and 30.
15
Suppose -n = 5*v - 2*v + 5, 4*n - 28 = 4*v. Calculate the greatest common factor of 32 and n.
4
Suppose 8*g - 44 = 6*g. What is the greatest common factor of 198 and g?
22
Let a = 0 - -3. Suppose -2*c = -a*c + 3. What is the highest common divisor of 21 and c?
3
Let a = -14 - -16. Let q = a + 58. What is the highest common divisor of 24 and q?
12
Let p = -6 + 21. Calculate the greatest common factor of 60 and p.
15
Let x = -124 - -182. Calculate the highest common factor of 58 and x.
58
Let b be (-149)/(-3) - (2 + (-4)/3). Calculate the greatest common divisor of 7 and b.
7
Let f = -4 - -6. Let m be (f - 3)*(-2 + -2). Suppose b + 560 = m*r + 3*b, 0 = 2*r - 5*b - 280. Calculate the greatest common divisor of r and 20.
20
Let g = -3 - -5. Let y be (-2)/(1/(-4*g)). Let p(r) = 17*r**2 - 1. Let v be p(-1). Calculate the greatest common factor of v and y.
16
Let v = -5 + 14. What is the highest common factor of 6 and v?
3
Let d = 2 - 0. Suppose 29 = d*j - 3. Calculate the greatest common factor of 40 and j.
8
Let i(a) = -3*a + 6. Suppose -2*k - 24 = 2*k. Let n be i(k). Let m = -199 + 235. Calculate the greatest common divisor of n and m.
12
Let v be -3 + 3 - -1 - 15/(-1). What is the greatest common factor of v and 112?
16
Let h = -6 - -16. Suppose -5 = -i + h. What is the highest common factor of 15 and i?
15
Let u(h) = 4*h + 4 + 0*h + h**2 - 1. Let p be u(-4). Suppose -p*y - 75 = -o + 54, -4*o + 5*y + 530 = 0. What is the highest common factor of o and 15?
15
Let i(j) be the second deriv